38. Determine h(-114).
-2260
Let s(v) = -885*v - 6268. Calculate s(-6).
-958
Let j(x) = 3*x**2 - 376*x + 3605. Determine j(10).
145
Let o(r) = 902*r - 18986. Calculate o(21).
-44
Let v(f) = -6*f**3 - 9*f**2 + 322*f - 910. Determine v(3).
-187
Let u(s) = 2586*s**2 + 19*s - 19. Give u(1).
2586
Let u(v) = 67301*v - 403758. Determine u(6).
48
Let w(p) = -313*p**2 - 34*p - 23. Determine w(-1).
-302
Let v(j) = 16*j**2 + 12506*j + 50011. Calculate v(-4).
243
Let p(c) = 13624*c + 1553126. What is p(-114)?
-10
Let k(u) = 608*u - 75163. Determine k(125).
837
Let x(v) = -v**2 + 414*v - 27414. Determine x(333).
-441
Let a(x) = 4*x**3 - 83*x**2 + 81*x - 412. Calculate a(20).
8
Let q(o) = 15*o**2 + 4371*o - 8776. What is q(2)?
26
Let q(x) = x**3 + 19*x**2 + 104628*x + 731811. Give q(-7).
3
Let n(i) = i**3 + 17*i**2 - 136*i - 2212. Calculate n(-11).
10
Let s(d) = 2*d**3 - 227*d**2 - 281*d + 19452. Calculate s(114).
414
Let f(j) = 4*j**2 - 7575*j + 1365441. Determine f(1692).
-3
Let w(p) = 24*p**2 - 1721*p - 7832. Give w(76).
-4
Let r(i) = 11419*i - 5640977. What is r(494)?
9
Let m(w) = -w**3 + 12*w**2 - 17*w - 44. What is m(4)?
16
Let d(i) = i**2 + 150040*i - 900272. Determine d(6).
4
Let z(a) = a**3 + 2*a**2 - 306*a + 162. Calculate z(17).
451
Let b(x) = -195*x**3 - 336*x**2 + 3181*x - 66. Give b(-5).
4
Let q(u) = u**3 - 72*u**2 - 8281*u + 150. Calculate q(-62).
-1524
Let v(x) = 16*x**2 + 1085*x - 9904. Calculate v(-76).
52
Let k(r) = r**3 + 7*r**2 + 252*r + 2942. Give k(-11).
-314
Let m(d) = 1807*d + 8026. Give m(-4).
798
Let p(j) = 356*j - 29493. Calculate p(86).
1123
Let j(x) = -3291*x + 513432. Determine j(156).
36
Let s(u) = -u**3 - 20*u**2 + 255*u - 301. Determine s(-29).
-127
Let y(w) = -926*w + 69213. Calculate y(75).
-237
Let v(r) = -r**3 + 1179*r**2 - 268834*r + 3490. Calculate v(870).
10
Let h(q) = -18*q**2 + 330*q - 821. Determine h(3).
7
Let a(b) = 33*b**2 + 196*b - 41. What is a(-6)?
-29
Let t(s) = -1130*s**2 + 12457*s + 13. Give t(11).
310
Let q(i) = i**3 + 74*i**2 - 830*i + 380. What is q(-84)?
-460
Let s(k) = k**3 + 20*k**2 - 6*k - 2092. Calculate s(-22).
-2928
Let u(w) = 2*w**2 + 173*w + 1218. Give u(-7).
105
Let q(s) = 4*s**3 - 520*s**2 + 8*s - 939. What is q(130)?
101
Let u(j) = 21394*j - 21598. Calculate u(1).
-204
Let d(t) = -832*t + 10596. What is d(19)?
-5212
Let y(p) = 15*p**3 - 64*p**2 + 135*p - 443. Calculate y(4).
33
Let s(n) = 3*n**2 - 70*n + 3286. Calculate s(29).
3779
Let t(v) = -v**3 + 198*v**2 + 2973*v + 147. Determine t(212).
1207
Let j(t) = 2*t**3 + 457*t**2 + 11570*t + 9581. What is j(-28)?
5
Let p(d) = -22515*d - 3557340. Determine p(-158).
30
Let a(r) = 2*r**2 - 380*r + 11600. Give a(38).
48
Let i(w) = -332*w**2 + 3657*w - 18. Determine i(11).
37
Let d(m) = 6*m**2 - 446*m - 1339. Determine d(81).
1901
Let f(b) = 161*b**3 - 29*b**2 - 31*b + 62. Determine f(-2).
-1280
Let i(a) = 13*a**3 - 534*a**2 + 14*a + 323. Give i(41).
-784
Let u(g) = -180*g + 32. What is u(0)?
32
Let v(f) = f**3 + 80*f**2 - 524*f - 518. What is v(-86)?
170
Let c(m) = 4*m**2 + 373*m + 7631. What is c(-67)?
596
Let i(z) = -z**3 - 18*z**2 - 12*z + 101. What is i(2)?
-3
Let a(r) = 7*r**3 + 1675*r**2 + 2125*r - 4043. Determine a(-238).
3
Let a(y) = -4*y**2 - 662*y + 179174. What is a(-310)?
-6
Let m(t) = -121*t - 10075. Calculate m(-90).
815
Let h(p) = 501*p + 60648. What is h(-121)?
27
Let p(x) = 3*x**3 - 7*x**2 + 21*x - 73. What is p(5)?
232
Let t(f) = -210*f**2 + 5253*f - 32. What is t(25)?
43
Let o(r) = -844*r**2 + 119006*r - 297. Give o(141).
-15
Let g(b) = 821*b**2 + 6560*b + 14. Give g(-8).
78
Let p(l) = -2*l**2 - 26*l + 612. Calculate p(12).
12
Let y(b) = 60515*b - 2299568. Give y(38).
2
Let f(l) = l**3 + 14*l**2 - 34*l - 152. What is f(-15)?
133
Let g(n) = 2*n**2 + 774*n - 25003. Give g(30).
17
Let r(w) = 467*w - 115. Determine r(3).
1286
Let j(r) = 12651*r**2 - 25294*r - 9. Determine j(2).
7
Let l(r) = 6*r**3 + 19*r**2 + 3965*r + 7865. Give l(-2).
-37
Let s(p) = -6997*p - 22460. Calculate s(-3).
-1469
Let l(y) = -108962*y - 3050923. Give l(-28).
13
Let y(k) = -3*k**3 + 240*k**2 + 420*k + 5898. Calculate y(82).
-6
Let w(f) = -f**3 + 87*f**2 - 170*f - 1. What is w(85)?
-1
Let c(i) = -i**3 + 21*i**2 - 10*i + 1163. Determine c(15).
2363
Let d(r) = 82*r**2 + 71*r - 296. What is d(5)?
2109
Let t(q) = -2487*q**2 + 32332*q - 3. What is t(13)?
10
Let m(q) = 4994*q + 274663. Determine m(-55).
-7
Let m(t) = -130*t**3 - 4*t**2 + 79*t + 83. Calculate m(-1).
130
Let y(r) = -1872*r + 26534. Give y(14).
326
Let q(y) = -45*y**2 + 978*y - 4859. Calculate q(5).
-1094
Let f(s) = -s**3 - 92*s**2 + 402*s - 403. Give f(-96).
-2131
Let b(v) = -3*v**2 + 21*v - 171. Determine b(8).
-195
Let u(g) = -2*g**2 + 841*g - 19471. Calculate u(24).
-439
Let s(l) = -2*l**3 + 10*l**2 + 14269*l - 88. Give s(87).
-1
Let w(r) = 378*r**3 + 6805*r**2 - 1250*r - 22817. What is w(-18)?
7
Let r(q) = -45*q**3 + 8*q**2 + 3*q + 3. What is r(2)?
-319
Let u(p) = -p**3 + 18*p**2 + 1772*p - 28605. Calculate u(16).
259
Let s(o) = -591*o + 82936. Determine s(140).
196
Let o(w) = -w**2 + 449*w - 3138. Determine o(7).
-44
Let j(x) = 1488*x + 694941. Give j(-467).
45
Let l(v) = -19618*v - 38603. Calculate l(-2).
633
Let w(m) = 5685*m + 312671. Calculate w(-55).
-4
Let t(r) = -23*r**2 + 91*r + 881. Calculate t(-8).
-1319
Let f(s) = -1190*s + 354606. Give f(298).
-14
Let m(u) = -u**3 + 54*u**2 + 1744*u - 307. Calculate m(77).
-2386
Let x(y) = 258*y**3 + 37666*y**2 - 303*y - 1659. Determine x(-146).
-53
Let u(a) = a**3 - 106*a**2 - 135*a + 3226. What is u(107)?
230
Let f(k) = 6*k**2 - 969*k - 1931. What is f(-2)?
31
Let l(w) = -69*w**2 - 26*w + 567. Give l(-5).
-1028
Let d(y) = -y**3 - 5*y**2 + 278*y + 842. What is d(-20)?
1282
Let g(w) = 4*w**3 - 73*w**2 - 108*w + 48. Calculate g(17).
-3233
Let c(h) = -2338*h + 35125. Determine c(15).
55
Let i(j) = -2*j**2 - 36*j - 26. Calculate i(0).
-26
Let l(t) = 2*t**2 + 287*t - 38204. What is l(84)?
16
Let w(t) = -4*t**3 - 144*t**2 - 135*t - 5035. Determine w(-36).
-175
Let b(z) = 260*z**2 - 6248*z + 214. Give b(24).
22
Let r(g) = -310607*g + 2795502. Give r(9).
39
Let g(o) = 56*o - 5879. What is g(109)?
225
Let v(h) = 6008*h - 72805. Calculate v(12).
-709
Let i(k) = 4*k**2 + 146*k - 4229. What is i(19)?
-11
Let n(q) = 2*q**3 - 16*q**2 + 66*q - 673. What is n(9)?
83
Let i(a) = 202*a - 6817. Determine i(35).
253
Let v(w) = -w**3 + 164*w**2 - 6048*w - 102. Calculate v(108).
-102
Let d(k) = -2*k**2 + 813*k - 19085. Calculate d(25).
-10
Let l(c) = -256*c**2 - 14866*c - 123. Calculate l(-58).
921
Let k(o) = -2134*o + 168623. What is k(79)?
37
Let b(o) = 93*o**2 + 60*o + 202. Calculate b(-6).
3190
Let r(h) = -7*h**3 - 34*h**2 + 18*h + 4. Give r(-5).
-61
Let y(n) = 8*n**3 + 258*n**2 + 537*n + 15162. Determine y(-32).
26
Let g(m) = 2*m**2 - 1734*m + 23872. Calculate g(14).
-12
Let g(l) = -162*l**2 + 1134*l - 13. Give g(7).
-13
Let j(p) = -2256*p + 79813. Give j(35).
853
Let u(d) = -11*d**3 - 17*d**2 + 41*d + 42. What is u(2)?
-32
Let f(r) = -2*r**3 - 301*r**2 + 1713*r - 511. Give f(-156).
-43
Let n(x) = -102*x + 1399. Give n(-7).
2113
Let d(w) = -2540*w + 162567. What is d(64)?
7
Let q(i) = -i**2 - 70269*i - 281035. What is q(-4)?
25
Let r(q) = -38442*q + 1153260. Give r(30).
0
Let j(k) = 4*k**3 - 89*k**2 + 410*k - 32. Give j(15).
-407
Let r(d) = -1962*d - 10124. Calculate r(-5).
-314
Let y(n) = 88443*n + 4510593. Give y(-51).
0
Let k(u) = 12*u**3 + 6940*u**2 + 2316*u + 2299. Give k(-578).
-13
Let y(l) = 4*l**2 + 98289*l - 393204. What is y(4)?
16
Let t(x) = -7732*x - 216483. Give t(-28).
13
Let v(u) = 14*u**3 + 165*u**2 - 7*u + 256. Give v(-12).
-92
Let a(j) = 35428*j + 3542863. Give a(-100).
63
Let n(j) = 31*j - 1240. What is n(23)?
-527
Let c(h) = h**3 + 57*h**2 + 508*h - 52. Give c(-11).
-74
Let c(o) = 20477*o - 59492. What is c(3)?
1939
Let a(s) = 5*s**2 + 128*s + 664. Determine a(-17).
-67
Let p(s) = -109*s**3 - 209*s**2 + 11*s - 6. What is p(-2)?
8
Let t(u) = -3*u**3 + 413*u**2 + 170*u - 4291. Determine t(138).
125
Let s(l) = 380*l**2 - 2376*l + 578. What is s(6)?
2
Let q(b) = -87*b**2 + 123*b + 372. Calculate q(-3).
-780
Let t(o) = -o**3 + 38*o**2 + 3459*o - 29588. Give t(8).
4
Let x(a) = -a**3 - 190*a**2 - 1563*a - 19413. Determine x(-182).
61
Let r(f) = 111*f